rime factors of 94139.
23, 4093
What are the prime factors of 65?
5, 13
List the prime factors of 56.
2, 7
List the prime factors of 3444.
2, 3, 7, 41
What are the prime factors of 992?
2, 31
List the prime factors of 4104.
2, 3, 19
What are the prime factors of 29696?
2, 29
List the prime factors of 38758.
2, 19379
List the prime factors of 26318.
2, 13159
What are the prime factors of 1463?
7, 11, 19
List the prime factors of 17771.
13, 1367
What are the prime factors of 1041?
3, 347
List the prime factors of 3447.
3, 383
List the prime factors of 23700.
2, 3, 5, 79
List the prime factors of 47933.
47933
List the prime factors of 9446.
2, 4723
What are the prime factors of 13802?
2, 67, 103
List the prime factors of 5470.
2, 5, 547
What are the prime factors of 24625?
5, 197
What are the prime factors of 2185?
5, 19, 23
What are the prime factors of 22702?
2, 11351
List the prime factors of 335.
5, 67
What are the prime factors of 19151?
11, 1741
List the prime factors of 1139.
17, 67
What are the prime factors of 25692?
2, 3, 2141
List the prime factors of 67.
67
What are the prime factors of 2957?
2957
List the prime factors of 1464.
2, 3, 61
What are the prime factors of 5798?
2, 13, 223
List the prime factors of 437.
19, 23
List the prime factors of 100235.
5, 20047
List the prime factors of 1163.
1163
List the prime factors of 79664.
2, 13, 383
What are the prime factors of 37025?
5, 1481
List the prime factors of 3926.
2, 13, 151
What are the prime factors of 4104?
2, 3, 19
List the prime factors of 18892.
2, 4723
List the prime factors of 1531.
1531
List the prime factors of 1770.
2, 3, 5, 59
List the prime factors of 32912.
2, 11, 17
List the prime factors of 1454.
2, 727
List the prime factors of 1447.
1447
List the prime factors of 111202.
2, 7, 13, 47
List the prime factors of 182271.
3, 60757
What are the prime factors of 76100?
2, 5, 761
What are the prime factors of 63836?
2, 15959
What are the prime factors of 2788?
2, 17, 41
List the prime factors of 15384.
2, 3, 641
List the prime factors of 20344.
2, 2543
What are the prime factors of 7904?
2, 13, 19
List the prime factors of 15971.
15971
List the prime factors of 28085.
5, 41, 137
What are the prime factors of 1595?
5, 11, 29
What are the prime factors of 5414?
2, 2707
List the prime factors of 1378.
2, 13, 53
What are the prime factors of 36898?
2, 19, 971
List the prime factors of 42664.
2, 5333
List the prime factors of 334.
2, 167
What are the prime factors of 3069?
3, 11, 31
What are the prime factors of 40018?
2, 11, 17, 107
List the prime factors of 26395.
5, 5279
List the prime factors of 872.
2, 109
What are the prime factors of 1680?
2, 3, 5, 7
What are the prime factors of 1559?
1559
List the prime factors of 1992.
2, 3, 83
List the prime factors of 42379.
42379
What are the prime factors of 8542?
2, 4271
List the prime factors of 655.
5, 131
What are the prime factors of 5231?
5231
What are the prime factors of 675?
3, 5
List the prime factors of 23426.
2, 13, 17, 53
What are the prime factors of 1765?
5, 353
What are the prime factors of 5416?
2, 677
List the prime factors of 1269.
3, 47
List the prime factors of 2114.
2, 7, 151
List the prime factors of 13692.
2, 3, 7, 163
List the prime factors of 29093.
47, 619
List the prime factors of 17754.
2, 3, 11, 269
What are the prime factors of 400?
2, 5
List the prime factors of 22750.
2, 5, 7, 13
What are the prime factors of 5375?
5, 43
List the prime factors of 1724.
2, 431
What are the prime factors of 8893?
8893
List the prime factors of 50.
2, 5
List the prime factors of 5291.
11, 13, 37
What are the prime factors of 675?
3, 5
List the prime factors of 5019.
3, 7, 239
What are the prime factors of 308?
2, 7, 11
What are the prime factors of 317?
317
What are the prime factors of 4657?
4657
What are the prime factors of 6344?
2, 13, 61
What are the prime factors of 681?
3, 227
What are the prime factors of 880?
2, 5, 11
List the prime factors of 63600.
2, 3, 5, 53
List the prime factors of 968.
2, 11
What are the prime factors of 24566?
2, 71, 173
List the prime factors of 493.
17, 29
What are the prime factors of 36865?
5, 73, 101
What are the prime factors of 7929?
3, 881
What are the prime factors of 636?
2, 3, 53
What are the prime factors of 14897?
14897
What are the prime factors of 66353?
7, 9479
List the prime factors of 21675.
3, 5, 17
List the prime factors of 30927.
3, 13, 61
List the prime factors of 52109.
107, 487
What are the prime factors of 83877?
3, 73, 383
What are the prime factors of 29879?
29879
List the prime factors of 12879.
3, 53
List the prime factors of 102994.
2, 23, 2239
List the prime factors of 2432.
2, 19
What are the prime factors of 155?
5, 31
List the prime factors of 32286.
2, 3, 5381
What are the prime factors of 164442?
2, 3, 27407
What are the prime factors of 263?
263
List the prime factors of 40914.
2, 3, 2273
List the prime factors of 10348.
2, 13, 199
List the prime factors of 4634.
2, 7, 331
List the prime factors of 13825.
5, 7, 79
List the prime factors of 571.
571
List the prime factors of 1981.
7, 283
List the prime factors of 1465.
5, 293
List the prime factors of 14043.
3, 31, 151
What are the prime factors of 1687?
7, 241
List the prime factors of 1195.
5, 239
What are the prime factors of 3150?
2, 3, 5, 7
What are the prime factors of 208?
2, 13
What are the prime factors of 42238?
2, 7, 431
List the prime factors of 1555.
5, 311
What are the prime factors of 1741?
1741
What are the prime factors of 85262?
2, 89, 479
List the prime factors of 2649.
3, 883
List the prime factors of 93475.
5, 3739
List the prime factors of 5186.
2, 2593
List the prime factors of 315.
3, 5, 7
What are the prime factors of 10234?
2, 7, 17, 43
List the prime factors of 11797.
47, 251
What are the prime factors of 1556?
2, 389
List the prime factors of 422.
2, 211
What are the prime factors of 876?
2, 3, 73
List the prime factors of 27731.
11, 2521
List the prime factors of 3580.
2, 5, 179
List the prime factors of 12818.
2, 13, 17, 29
List the prime factors of 6491.
6491
List the prime factors of 11450.
2, 5, 229
What are the prime factors of 9547?
9547
List the prime factors of 607.
607
List the prime factors of 1318.
2, 659
List the prime factors of 130685.
5, 59, 443
What are the prime factors of 16221?
3, 5407
What are the prime factors of 34454?
2, 7, 23, 107
What are the prime factors of 4455?
3, 5, 11
List the prime factors of 1847.
1847
What are the prime factors of 1373?
1373
What are the prime factors of 3316?
2, 829
List the prime factors of 9224.
2, 1153
What are the prime factors of 8602?
2, 11, 17, 23
What are the prime factors of 586?
2, 293
List the prime factors of 7562.
2, 19, 199
What are the prime factors of 7370?
2, 5, 11, 67
List the prime factors of 6145.
5, 1229
List the prime factors of 45205.
5, 9041
What are the prime factors of 104456?
2, 11, 1187
List the prime factors of 1662.
2, 3, 277
List the prime factors of 1792.
2, 7
List the prime factors of 10412.
2, 19, 137
What are the prime factors of 29474?
2, 14737
What are the prime factors of 120346?
2, 19, 3167
List the prime factors of 2148.
2, 3, 179
What are the prime factors of 47370?
2, 3, 5, 1579
What are the prime factors of 15763?
11, 1433
List the prime factors of 21389.
73, 293
List the prime factors of 25409.
25409
List the prime factors of 28442.
2, 14221
List the prime factors of 150.
2, 3, 5
List the prime factors of 21029.
17, 1237
What are the prime factors of 22047?
3, 7349
List the prime factors of 20114.
2, 89, 113
List the prime factors of 72459.
3, 83, 97
What are the prime factors of 21098?
2, 7, 11, 137
List the prime factors of 100655.
5, 41, 491
What are the prime factors of 43933?
43933
What are the prime factors of 5717?
5717
List the prime factors of 6292.
2, 11, 13
List the prime factors of 114625.
5, 7, 131
What are the prime factors of 1566?
2, 3, 29
List the prime factors of 22874.
2, 11437
What are the prime factors of 699?
3, 233
What are the prime factors of 488?
2, 61
List the prime factors of 12131.
7, 1733
What are the prime factors of 17014?
2, 47, 181
What are the prime factors of 1172?
2, 293
What are the prime factors of 48231?
3, 23, 233
What are the pr